 13, what is 39 + 54?
90
In base 11, what is -1 - -56261?
56260
In base 2, what is -111101101 - -111110011?
110
In base 13, what is 53b3 - 3?
53b0
In base 4, what is -2 - 13023120?
-13023122
In base 11, what is -63a665a + -2?
-63a6661
In base 9, what is -863 + 148?
-714
In base 8, what is -33545 + 3?
-33542
In base 10, what is 285425 - -5?
285430
In base 13, what is 1113 - -b2?
11c5
In base 8, what is -4 - 34201?
-34205
In base 4, what is -10 - -10020031?
10020021
In base 15, what is -5 - ee76?
-ee7b
In base 11, what is -599671 - 0?
-599671
In base 12, what is 176 - 505?
-34b
In base 6, what is 1 + 441435?
441440
In base 14, what is -3bc8 + 174?
-3a54
In base 6, what is -14553 + 50?
-14503
In base 10, what is 6 + -11?
-5
In base 6, what is 210 + 224?
434
In base 6, what is -3 - -15442400?
15442353
In base 4, what is -33 + 202312?
202213
In base 3, what is 1110012200 + 11?
1110012211
In base 6, what is 140 + 410?
550
In base 13, what is 726 - 29b?
458
In base 14, what is -36c - -70?
-2dc
In base 15, what is 3 + -5846?
-5843
In base 14, what is 2 - b907?
-b905
In base 16, what is -410 + -24?
-434
In base 8, what is 171 - 6546?
-6355
In base 7, what is 16 - -4322?
4341
In base 11, what is 7a517 - -3?
7a51a
In base 12, what is 0 - -7950?
7950
In base 13, what is 7 - -9440?
9447
In base 13, what is -12 - 31c1?
-3203
In base 10, what is 36706 - 1?
36705
In base 2, what is -101 - -110111?
110010
In base 10, what is -5 + -1979?
-1984
In base 6, what is -40222540 - 0?
-40222540
In base 2, what is 1010110001100000 - 1010?
1010110001010110
In base 4, what is -130002 - -131?
-123211
In base 3, what is -211011 + -201012?
-1112100
In base 7, what is -3321 - -332?
-2656
In base 9, what is 65 - -477?
553
In base 10, what is -124 + -15690?
-15814
In base 7, what is 25000 - -10?
25010
In base 3, what is 1100000122 - 0?
1100000122
In base 15, what is 44dc - -4?
44e1
In base 16, what is 2 - 8b86?
-8b84
In base 3, what is -101 + 1000100200?
1000100022
In base 8, what is 17 - 20371?
-20352
In base 7, what is 112 - 413?
-301
In base 13, what is -220180 + 2?
-22017b
In base 11, what is 16201 + -3?
161a9
In base 6, what is 11 + -154234?
-154223
In base 5, what is -3 - -112043330?
112043322
In base 8, what is 4741 - 6?
4733
In base 14, what is c47 - -77?
cc0
In base 14, what is 4 - 266d?
-2669
In base 4, what is 32 - -320020?
320112
In base 8, what is 0 - -30734?
30734
In base 5, what is 10 + -1144?
-1134
In base 11, what is -4314 + -63?
-4377
In base 9, what is 22738 - 20?
22718
In base 5, what is 331422432 - 10?
331422422
In base 4, what is -213310122 - 11?
-213310133
In base 8, what is -6137 + 15?
-6122
In base 11, what is 129 - -38?
166
In base 2, what is 1 - -1010111010100101001?
1010111010100101010
In base 14, what is -4 + 2365?
2361
In base 2, what is 10010 + 101100001000010000?
101100001000100010
In base 2, what is 10010100010110 + -10000001?
10010010010101
In base 9, what is 0 - -3218?
3218
In base 7, what is 2521645 - -1?
2521646
In base 4, what is -11 + 3133130021?
3133130010
In base 3, what is 1121 - 1202?
-11
In base 13, what is -ac54 - 1a?
-ac71
In base 3, what is 22020 + 10021?
102111
In base 10, what is 8057 - -1?
8058
In base 14, what is 180b1 + 2?
180b3
In base 10, what is -4 + -75826?
-75830
In base 9, what is -127667 + -3?
-127671
In base 8, what is 10 - 4545?
-4535
In base 14, what is -37 + 453?
41a
In base 11, what is 612 + 149?
760
In base 16, what is -14 + -722e?
-7242
In base 10, what is 3 + 3789?
3792
In base 3, what is 10 - -1002202220?
1002210000
In base 11, what is 92893 + 2?
92895
In base 13, what is 2 - cb977?
-cb975
In base 7, what is -3026635 - -3?
-3026632
In base 14, what is 390790 - 0?
390790
In base 15, what is -1832a - 1e?
-18349
In base 4, what is -1101311 + -21210?
-1123121
In base 16, what is 457c - a?
4572
In base 8, what is -3537 - 32?
-3571
In base 2, what is 1111001111000 + 1001010?
1111011000010
In base 15, what is -1524 - 133?
-1657
In base 3, what is 10121021221 + -200?
10121021021
In base 4, what is -10 - 1100231?
-1100301
In base 7, what is -15136 + 0?
-15136
In base 4, what is -11323311 + 11?
-11323300
In base 5, what is 211034 - 11?
211023
In base 8, what is -25723 + -30?
-25753
In base 3, what is -221 - 222222122?
-1000000120
In base 12, what is 6 - 387b?
-3875
In base 3, what is 21 - 122221000?
-122220202
In base 4, what is 13302 + 13?
13321
In base 6, what is 4 - -2200300?
2200304
In base 16, what is 1492 + -34?
145e
In base 5, what is 4301034 - 4?
4301030
In base 12, what is -44573 + 0?
-44573
In base 15, what is -1b - -70c?
6e1
In base 10, what is 188 - -92?
280
In base 11, what is -6a750 + 0?
-6a750
In base 8, what is 207 - 16355?
-16146
In base 12, what is 5 - -66205?
6620a
In base 7, what is 622534 - 3?
622531
In base 10, what is -10661 - -4?
-10657
In base 5, what is -344 - 310?
-1204
In base 6, what is -3525 - -2152?
-1333
In base 10, what is 420 - 42?
378
In base 8, what is 16 + 2014?
2032
In base 8, what is -36051 + 55?
-35774
In base 11, what is -1 + -461620?
-461621
In base 11, what is 27742a - -7?
277436
In base 6, what is -20052 - 4003?
-24055
In base 13, what is -437acb - 1?
-437acc
In base 12, what is 21 - -3974?
3995
In base 12, what is -527a2 - 3?
-527a5
In base 13, what is -2 - 21696?
-21698
In base 5, what is 321 + -103304?
-102433
In base 10, what is -5656 + 4?
-5652
In base 12, what is 656102 - 4?
6560ba
In base 7, what is -1035 + -2?
-1040
In base 5, what is -3441 + -1330?
-10321
In base 7, what is 4023 - -545?
4601
In base 6, what is -2 - 4324434?
-4324440
In base 3, what is -11 - -1100011001102?
1100011001021
In base 3, what is -112 + -101010121?
-101011010
In base 5, what is -121102 - 12?
-121114
In base 15, what is -ec - -ee?
2
In base 5, what is -1311031144 - -2?
-1311031142
In base 12, what is 5 - -5871?
5876
In base 11, what is 5995 + -2?
5993
In base 3, what is 21022 + 10020?
101112
In base 14, what is -5 + -1644d?
-16454
In base 15, what is 83 + -986?
-903
In base 2, what is 11 + -110010110110001?
-110010110101110
In base 12, what is 38 + -44?
-8
In base 7, what is 130326 + -1?
130325
In base 12, what is 112 + -676?
-564
In base 7, what is -1514 - -510?
-1004
In base 5, what is 20 + -11134?
-11114
In base 3, what is -12 - -2011000222?
2011000210
In base 13, what is 47 + 3b088?
3b102
In base 8, what is -4 - -35776?
35772
In base 16, what is -7b9 - 15?
-7ce
In base 9, what is 7 + -47182?
-47174
In base 7, what is 4 - -10142253?
10142260
In base 8, what is -27 + -64204?
-64233
In base 8, what is 1111 + -101?
1010
In base 5, what is 1121322 - 221?
1121101
In base 10, what is -4 + -677501?
-677505
In base 6, what is -23053450 + 0?
-23053450
In base 16, what is 1b1 + -84e?
-69d
In base 7, what is -10 + 663264?
663254
In base 6, what is -4511 + -105?
-5020
In base 14, what is -591b - -4?
-5917
In base 7, what is 1 + -26162?
-26161
In base 8, what is -130657 + -7?
-130666
In base 15, what is 3 + -3a98?
-3a95
In base 10, what is -245 + 2787?
2542
In base 8, what is -31 - -57213?
57162
In base 7, what is 131 + -431320?
-431156
In base 6, what is 122 + -2501?
-2335
In base 10, what is -18844 + 4?
-18840
In base 3, what is 1020 - -1000011121?
1000012211
In base 9, what is -35 + 812?
766
In base 8, what is -43 - 6631?
-6674
In base 8, what is -37 - -4057?
4020
In base 2, what is 101 - 11010011010001011?
-11010011010000110
In base 16, what is -2de + -19?
-2f7
In base 15, what is 3491ea + 1?
3491eb
In base 8, what is -2 + 126632?
126630
In base 14, what is 0 - 15267?
-15267
In base 16, what is -2d34 + 3f?
-2cf5
In base 2, what is -111101000110001 - 11?
-111101000110100
In base 14, what is -8a - 13b7?
-1463
In base 15, what is cc + ba?
197
In base 14, what is 8 - -224?
22c
In base 12, what is 10 + -52406?
-523b6
In base 6, what is -2305142 + 3?
-2305135
In base 9, what is 1352 + -324?
1027
In base 15, what is -1de2 - -5?
-1ddc
In base 2, what is -100111000 + 100001101000?
11100110000
In base 12, what is -1 + -14558?
-14559
In base 11, what is 67 + -390?
-324
In base 2, what is 111111111 + 100101001?
1100101000
In base 16, what is -e1 - 35?
-116
In base 6, what is 0 + -543155?
-543155
In base 13, what is -107 + -4b2?
-5b9
In base 14, what is -3 - -8959?
8956
In base 12, what is 227 - 2b9a?
-2973
